 = -7 - -227. What is the hundreds digit of u?
2
Let u be -4*3/12*-2. Suppose -p + 2 + u = 0. Suppose -86 = -3*h + g, 4*g + 104 = p*h - 0*g. What is the units digit of h?
0
Suppose -2*i - j = -6786, 2*i - 3*j = 2054 + 4732. What is the units digit of i?
3
Let y(t) = -290*t - 388. What is the units digit of y(-18)?
2
Let y = 1295 + -622. What is the hundreds digit of y?
6
Let f = 360 - 82. What is the units digit of f?
8
Let n(m) = -5*m**3 + 2*m**2 - 8*m - 10. Let k(p) = 9*p**3 - 5*p**2 + 17*p + 19. Let y(v) = -6*k(v) - 11*n(v). What is the tens digit of y(-7)?
4
Suppose 311 = z - 3*n, 2*z - 4*n + 8*n = 642. What is the units digit of z?
7
Let c(m) be the first derivative of m**3/3 + m**2/2 + 3*m - 26. Let n = 8 + -15. What is the tens digit of c(n)?
4
What is the tens digit of (46764/30)/2 + (-8)/20?
7
Let q(c) = 3*c - 2. Let r(b) = -8*b + 5. Let k(s) = 17*q(s) + 6*r(s). Let x be k(3). Suppose 3*t = 5*i - 19, x*t + 1 + 14 = 5*i. What is the units digit of t?
2
Let t(q) = q**2 + q - 9. Let y be t(-13). Let a = y - 51. What is the units digit of a?
6
Let v(u) = -2*u**2 - 21*u - 25. Let h be v(-12). Let s(c) = 10*c - 13. Let p be s(10). Let z = p + h. What is the tens digit of z?
2
What is the units digit of 6702/8 + ((-3)/4)/1?
7
Suppose -11 + 35 = 4*m. Let s(g) = 9*g**2 + 3*g - 1. Let a be s(-4). Suppose 73 = 3*k + j, -5*k + a = 3*j - m*j. What is the units digit of k?
5
Suppose -3 = -3*d + 12. Suppose -19 = -3*f - m + d*m, m = 2*f - 11. What is the units digit of (f - -3)*3/6?
4
Suppose 4*r + 2488 = 4*i, 18*i - 640 = 17*i - 5*r. What is the units digit of i?
5
What is the units digit of (87/(-9))/(3/(-1278))?
8
Let i(u) = -u + 1. Let t be i(-1). Suppose -t*c - 3*s = 12, -c - 2*c - 2*s = 8. Suppose -18*d + 13*d + 380 = c. What is the units digit of d?
6
Let a be 12/42 - (-236)/7. Let t = 16 - a. Let x = t - -32. What is the units digit of x?
4
Suppose q + b = -4*b - 25, b = -5. Suppose -4*t + 38 + 10 = q. Suppose 0 = 2*r - t - 24. What is the units digit of r?
8
Let n(q) = q**3 + q**2 + 4. Let b be n(0). Let p = 3 + 0. Let z = p + b. What is the units digit of z?
7
Let b be (21/6)/((-1)/(-96)). Let n = b + -151. What is the hundreds digit of n?
1
What is the tens digit of (-9)/((-54)/4578) - 4?
5
Let j = -622 - -1168. What is the tens digit of j?
4
Let a(t) = -438*t**3 + t**2 - 3*t + 1. Let i be a(1). Let w = i - -630. Suppose 3*f + 41 = w. What is the tens digit of f?
5
Let v(x) = x**3 - 7*x**2 - 8*x - 1. Let j(r) = -r**3 - 6*r**2 - 6*r + 3. Let o be j(-5). Let h be v(o). Let u = 10 - h. What is the units digit of u?
1
Let h = 22 + -19. Suppose 2*c + 248 = -2*c - 5*j, 4*j = h*c + 155. Let t = -25 - c. What is the tens digit of t?
3
Let y = 9871 - 6876. What is the hundreds digit of y?
9
What is the tens digit of (-4)/(-2)*(-2835)/(-14)?
0
Let z(a) = -a**3 - 13*a**2 - 13*a - 5. Let y(v) = v**3 + 12*v**2 + 14*v + 6. Let g(q) = 5*y(q) + 6*z(q). What is the units digit of g(-18)?
4
Suppose -8*i = -24*i + 5968. What is the hundreds digit of i?
3
What is the units digit of ((-6)/10 - (-34)/(-85))*-50?
0
Let c(d) = d**3 - 5*d**2 - 5*d. Let a be c(7). Suppose 0 = 19*l - 17 - 135. Suppose -l*w + 4*w + q = -a, -5*w + 70 = -3*q. What is the units digit of w?
7
Let o = -213 + 243. What is the tens digit of o?
3
Suppose 0 = 3*w + 4*v + 262, v = 5*w - 0*v + 406. Let u = w - -130. What is the units digit of u?
8
Suppose -5*u = 3*c - 3320, 2*u = 5*c - 353 + 1712. What is the tens digit of u?
6
Suppose 0 = -j - 3*i + 2140, 6434 = 3*j + 6*i - 11*i. What is the tens digit of j?
4
What is the units digit of (-2)/(-13) - (-32793)/78*2?
1
Let j(y) = 2*y**3 - 11*y**2 - 11*y + 39. What is the hundreds digit of j(11)?
2
Let i = 23 + -13. Let n be i/(-15)*(-3 - 0). Suppose 45 = -n*a + 5*a. What is the units digit of a?
5
Let a be -5*((-516)/(-10))/3. Let x = a + 150. What is the tens digit of x?
6
Let x = 1826 + -1280. What is the tens digit of x?
4
Suppose 20 = -5*d - 0*d - 4*i, 3*d = i - 12. Let p(x) be the first derivative of x**3/3 - 3*x**2/2 - 5*x - 1. What is the units digit of p(d)?
3
Let d = 243 - 26. What is the hundreds digit of d?
2
Suppose -c = -5, 4*i + c - 436 = 3*i. What is the tens digit of i?
3
Let h(w) = 3*w**3 - 9*w**2 + 2*w + 2. Let b be h(6). Suppose 0 = 3*c - 337 - b. What is the units digit of c?
5
Let x be ((-18)/8)/((-3)/(-8)). Let m = 22 - x. Suppose -4*y = -m - 16. What is the tens digit of y?
1
Let r(a) = 11*a**2 - 20*a - 40. What is the units digit of r(-5)?
5
Let g(u) = -u**3 - 9*u**2 - 4*u - 8. Let n be g(-10). Suppose -n = -w + 44. What is the hundreds digit of w?
1
Suppose -12*s + 68*s = 133112. What is the hundreds digit of s?
3
Let r(f) = 25*f + 61. What is the units digit of r(10)?
1
Let w(t) = -2*t**2 - 4*t - 2. Let l be w(5). Let s = -256 - -370. Let v = s + l. What is the tens digit of v?
4
Let c(s) = -s**2 - 7*s - 1. Let b be c(-4). Suppose b*z - 8*z - 612 = 0. What is the hundreds digit of z?
2
Let t(i) = 2*i**3 - 16*i**2 + 13*i + 32. What is the units digit of t(10)?
2
Let d(j) = -j - 1 + j**2 - 4*j + 4*j. Let i(k) = -k**3 + 12*k**2 + 21*k + 5. Let n(q) = 2*d(q) - i(q). What is the units digit of n(12)?
5
Suppose j - 3143 = -3*r - 282, -3*j + 2859 = 3*r. What is the hundreds digit of r?
9
Suppose 0 = -2*q + q + 15. Suppose q = -8*r + 3*r. Let p = 21 - r. What is the tens digit of p?
2
Let m(p) = -p**2 + 4*p - 8. Let s be m(8). What is the tens digit of (976/s)/(2/(-10))?
2
Suppose -5*q - 2804 = 571. Let w = q + 445. What is the tens digit of (-11)/(-44) - w/8?
2
Let v(y) = -y**3 + 39*y**2 + 97*y - 6. What is the hundreds digit of v(39)?
7
Let p be (0/2)/(-7 + 5). Suppose p = 5*u - u - 212. What is the units digit of u?
3
Let c(g) = 400*g - 210. What is the hundreds digit of c(5)?
7
Suppose 0 = -26*v + 9400 + 8722. What is the hundreds digit of v?
6
Let i(d) be the second derivative of 2*d**4/3 + d**3/6 + d**2/2 - 13*d. What is the units digit of i(-2)?
1
Suppose 0 = -9*w + w + 5592. What is the hundreds digit of w?
6
What is the tens digit of ((-2)/(-5))/((-27)/(-13635))?
0
Let i = 876 + -362. What is the units digit of i?
4
Let a = 29 - 26. Suppose -a*m + 310 = -323. What is the units digit of m?
1
Let k = 449 + -190. Let p(j) = 23*j - 120. Let f be p(13). Let c = k - f. What is the units digit of c?
0
Let p be (-10)/4*12/(-10). Suppose 5*x = 3*l - 0*l + 17, 0 = -p*l + 3. What is the units digit of x/22 + 2510/110?
3
Let c(u) = 37*u + 503. What is the hundreds digit of c(-6)?
2
Let v = 16 + 41. Suppose 1 = -f + 31. Suppose 3*y - v = f. What is the tens digit of y?
2
Let y(q) = 6 - 35*q**3 + 3*q**2 - 8*q + 34*q**3 + 8*q**2. Suppose -6 = 5*j - 56. What is the tens digit of y(j)?
2
Let u = -8 - -20. Let y be 40/(2/u*-1). What is the units digit of (15/(-30))/(2/y)?
0
Let p be 3/((-3)/1) - -22. Let v = 33 - p. Suppose 0*x = -x + v. What is the tens digit of x?
1
Let w(i) = 2*i**2 - 10*i - 31. Let o be w(7). What is the tens digit of (-87 - (5 - 3))/(o/6)?
7
Suppose -6*o = -338 - 442. Suppose 3*f + o = -2*f. What is the tens digit of -1*(7 - 3) - f?
2
Let z(r) = -9*r + 1. Suppose -22*c = -17*c + 20. Let d be z(c). Suppose 2*g + 5 = d. What is the units digit of g?
6
Let c(x) = -197*x + 29. What is the thousands digit of c(-10)?
1
Let v(t) be the first derivative of -t**3/3 + 5*t**2/2 - 3*t - 4. Let n be v(3). Suppose g + 4*b = -3*g + 24, n*g - 3*b - 42 = 0. What is the tens digit of g?
1
Let s be (-6)/27 - (-439)/(-9). Let z(l) = l - 34. Let w be z(0). Let y = w - s. What is the tens digit of y?
1
Let d = -393 - -400. Let u(b) = -15*b - 11. Let v(t) = -8*t - 5. Let r(x) = -4*u(x) + 7*v(x). What is the units digit of r(d)?
7
Let d(z) = z. Let w be d(0). Let i = 2 - w. Suppose -78 = -5*x + 2*p, i*x - p = 2*p + 40. What is the tens digit of x?
1
Let b(w) = 5 + w + 0 + 0 - 2*w**2 - 2*w**3. Let v be -3 - -1 - ((-16)/(-4))/4. What is the units digit of b(v)?
8
Let i = 941 - -373. What is the units digit of i?
4
Suppose -7*m = -5*m - 326. What is the hundreds digit of m?
1
Suppose -k + 15 = 4*o, 5*k - 2 = -5*o + 28. Suppose -n + 3*n + o*l = 307, -n + 131 = -3*l. What is the tens digit of n?
4
Let q(s) be the third derivative of s**5/20 - s**4/6 - s**3/2 + 16*s**2. What is the units digit of q(-1)?
4
Let u(t) = -44*t - 9. Suppose -13*